464911357?
3464911357
What are the prime factors of 2621542471?
2621542471
What are the prime factors of 1075994098?
2, 6719, 80071
List the prime factors of 2603558728.
2, 10091, 32251
What are the prime factors of 4476054648?
2, 3, 13, 29, 139, 3559
What are the prime factors of 56135576?
2, 7, 19, 7537
What are the prime factors of 4935961345?
5, 7, 23, 875947
List the prime factors of 34946181.
3, 1294303
What are the prime factors of 43498804?
2, 10874701
What are the prime factors of 128866558?
2, 109, 591131
What are the prime factors of 1438046794?
2, 719023397
What are the prime factors of 60116282?
2, 1091, 27551
List the prime factors of 3535138947.
3, 29, 163, 249287
List the prime factors of 841358285.
5, 19, 23, 419, 919
List the prime factors of 1509547495.
5, 941, 320839
What are the prime factors of 1197076706?
2, 7, 3407, 25097
What are the prime factors of 1669852494?
2, 3, 1979, 46877
What are the prime factors of 1984787441?
7, 13, 21810851
List the prime factors of 128345159.
61, 2104019
List the prime factors of 5873470668.
2, 3, 13, 97, 109, 1187
List the prime factors of 143760084.
2, 3, 13, 461, 1999
List the prime factors of 92983832.
2, 101, 115079
What are the prime factors of 649099907?
19, 34163153
What are the prime factors of 1876734022?
2, 21269, 44119
What are the prime factors of 130045869?
3, 17, 849973
List the prime factors of 213102211.
7, 2269, 13417
List the prime factors of 68341836.
2, 3, 17, 335009
List the prime factors of 5757899120.
2, 5, 23, 421, 7433
List the prime factors of 19046866.
2, 239, 39847
List the prime factors of 255946113.
3, 28438457
What are the prime factors of 61123835?
5, 12224767
What are the prime factors of 9161004?
2, 3, 763417
List the prime factors of 138301704.
2, 3, 1297, 1481
What are the prime factors of 1012619901?
3, 337539967
What are the prime factors of 5623892336?
2, 383, 917737
What are the prime factors of 2582837851?
11, 234803441
List the prime factors of 3934433128.
2, 347, 1417303
What are the prime factors of 34183662?
2, 3, 5697277
What are the prime factors of 272795853?
3, 11, 241, 34301
What are the prime factors of 4006452775?
5, 13, 12327547
List the prime factors of 224176002.
2, 3, 461, 81047
List the prime factors of 75504745.
5, 23, 367, 1789
List the prime factors of 463213282.
2, 7, 33086663
List the prime factors of 621948614.
2, 7, 37, 1200673
What are the prime factors of 1334991119?
7, 11, 41, 422867
What are the prime factors of 152495329?
7, 43, 506629
What are the prime factors of 3504439836?
2, 3, 32448517
List the prime factors of 46417903.
7, 6631129
List the prime factors of 239964698.
2, 119982349
What are the prime factors of 577876813?
1069, 540577
What are the prime factors of 10216499?
43, 59, 4027
What are the prime factors of 2665154446?
2, 1289, 1033807
List the prime factors of 42551286.
2, 3, 7091881
List the prime factors of 242091313.
47, 79, 113, 577
List the prime factors of 330454239.
3, 3011, 36583
What are the prime factors of 233732249?
6197, 37717
List the prime factors of 78185199.
3, 26061733
List the prime factors of 181517905.
5, 79, 157, 2927
List the prime factors of 318945525.
3, 5, 47, 90481
What are the prime factors of 150059735?
5, 7, 239, 17939
What are the prime factors of 2083848263?
7, 257, 743, 1559
What are the prime factors of 1382304834?
2, 3, 19, 4041827
What are the prime factors of 3258132244?
2, 61, 191, 69911
What are the prime factors of 334263702?
2, 3, 55710617
What are the prime factors of 1395626890?
2, 5, 7, 23, 866849
List the prime factors of 35422917.
3, 17, 694567
List the prime factors of 20341408.
2, 43, 14783
List the prime factors of 4330258348.
2, 13, 83274199
List the prime factors of 26685908.
2, 383, 17419
List the prime factors of 134648729.
569, 236641
List the prime factors of 3704351074.
2, 19, 67, 1454969
List the prime factors of 186514249.
186514249
List the prime factors of 13177004.
2, 3294251
What are the prime factors of 61674570?
2, 3, 5, 19, 36067
List the prime factors of 2176096694.
2, 1088048347
What are the prime factors of 641896851?
3, 83, 2577899
What are the prime factors of 473805096?
2, 3, 17, 68311
List the prime factors of 4559870638.
2, 2279935319
List the prime factors of 805619067.
3, 11, 1103, 22133
List the prime factors of 127930064.
2, 7995629
List the prime factors of 186395133.
3, 1153, 53887
List the prime factors of 3434343389.
223, 15400643
List the prime factors of 109894872.
2, 3, 4578953
What are the prime factors of 578760227?
131, 4418017
What are the prime factors of 476252699?
13, 233, 157231
What are the prime factors of 24235752?
2, 3, 929, 1087
What are the prime factors of 316615790?
2, 5, 31661579
What are the prime factors of 330844789?
11, 29, 751, 1381
List the prime factors of 80032255.
5, 107, 227, 659
What are the prime factors of 20823757?
20823757
What are the prime factors of 1020329877?
3, 7, 31, 1567327
List the prime factors of 421337619.
3, 5201699
What are the prime factors of 7870879205?
5, 7, 37, 47, 89, 1453
List the prime factors of 188120319.
3, 2081, 30133
What are the prime factors of 2604249844?
2, 7, 13286989
What are the prime factors of 2392173628?
2, 13, 67, 223, 3079
List the prime factors of 460183535.
5, 7, 1597, 8233
What are the prime factors of 3244771060?
2, 5, 162238553
List the prime factors of 489250016.
2, 137, 111599
List the prime factors of 9316412.
2, 7, 332729
What are the prime factors of 81716588?
2, 20429147
What are the prime factors of 249148836?
2, 3, 6920801
What are the prime factors of 285487468?
2, 7, 53, 192377
List the prime factors of 3040740003.
3, 7, 17, 8517479
What are the prime factors of 39527569?
139, 199, 1429
What are the prime factors of 2222550030?
2, 3, 5, 23, 43, 173, 433
What are the prime factors of 952759792?
2, 71, 73, 11489
List the prime factors of 4096994723.
97, 42237059
List the prime factors of 232858369.
232858369
What are the prime factors of 1221397863?
3, 7, 1031, 8059
List the prime factors of 327249555.
3, 5, 239, 91283
What are the prime factors of 288829711?
17, 47, 193, 1873
What are the prime factors of 565307?
19, 29753
List the prime factors of 620047725.
3, 5, 11, 139, 5407
List the prime factors of 156403066.
2, 78201533
List the prime factors of 937327085.
5, 89, 2106353
List the prime factors of 890519262.
2, 3, 17, 41, 73, 2917
What are the prime factors of 56577787?
7, 8082541
What are the prime factors of 37689860?
2, 5, 13, 144961
What are the prime factors of 90373528?
2, 7, 1613813
What are the prime factors of 134734662?
2, 3, 19, 393961
List the prime factors of 11717561.
139, 84299
List the prime factors of 175992299.
7, 47, 534931
List the prime factors of 1864282154.
2, 7, 31, 109, 39409
What are the prime factors of 88439293?
367, 397, 607
What are the prime factors of 37737582?
2, 3, 317, 19841
What are the prime factors of 1157605100?
2, 5, 31, 257, 1453
What are the prime factors of 170857381?
3803, 44927
List the prime factors of 5913810479.
101, 58552579
List the prime factors of 104774399.
67, 809, 1933
List the prime factors of 128633051.
128633051
What are the prime factors of 227204741?
23, 9878467
What are the prime factors of 4473577775?
5, 8363, 21397
What are the prime factors of 651243304?
2, 81405413
List the prime factors of 45830215.
5, 17, 61, 8839
List the prime factors of 207806833.
13, 15985141
List the prime factors of 42672827.
42672827
What are the prime factors of 5992607?
631, 9497
List the prime factors of 138705817.
138705817
List the prime factors of 3045901181.
151, 20171531
List the prime factors of 442608585.
3, 5, 29, 509, 1999
List the prime factors of 19880591.
19880591
List the prime factors of 177291197.
177291197
What are the prime factors of 292528977?
3, 13, 61, 122963
What are the prime factors of 90277417?
19, 89, 197, 271
List the prime factors of 37370677.
37370677
List the prime factors of 2593776415.
5, 2693, 192631
What are the prime factors of 28153575?
3, 5, 13903
What are the prime factors of 29590411?
29, 131, 7789
List the prime factors of 1459671.
3, 17, 28621
List the prime factors of 2762749243.
463, 5967061
List the prime factors of 60152233.
19, 3165907
What 